Let a(p) = -9*p**2 + 27*p + 6. Let r(v) = -5*v**2 + 14*v + 4. Let x(i) = -6*a(i) + 11*r(i). Give x(-9).
-1
Let t = -9 - -1. Let d(m) = 10*m**2 + 24*m + 10. Let a(y) = -7*y**2 - 16*y - 7. Let q(j) = -7*a(j) - 5*d(j). Determine q(t).
-1
Let c(i) = -19*i. Let w(n) = -n**3 - 14*n**2 + n + 15. Let x be w(-14). Give c(x).
-19
Suppose -2*m - 3*i - 20 - 5 = 0, m + 10 = -i. Let g(z) = 3*z + 14. What is g(m)?
-1
Let s(o) be the third derivative of -2/3*o**3 + 0*o - 4*o**2 + 1/120*o**6 + 0*o**4 - 7/60*o**5 + 0. What is s(7)?
-4
Let s(j) = 3*j**3 + 4*j**2 - j - 5. Let k(b) = -13*b**3 - 17*b**2 + 4*b + 21. Let d(u) = 2*k(u) + 9*s(u). Calculate d(-4).
-31
Let p(x) = -9 + 30 + 3*x - 3*x + x - 6. Determine p(-8).
7
Let d(z) = -z + 7. Let m be d(3). Let p(n) = n**3 - 5*n**2 + 5*n + 6 - 2*n**3 - 1 - m*n. What is p(-5)?
0
Let b = -379 + 380. Let w(t) be the third derivative of -t**6/40 - t**5/60 - t**4/24 + t**3/6 - t**2. Determine w(b).
-4
Let a(c) be the first derivative of 5*c**3/3 + c**2 - c - 108. Calculate a(-2).
15
Let j(l) = l**3 - l**2 - 1. Let z(v) = -7*v**3 + 4*v**2 + v + 3. Let i(w) = -5*j(w) - z(w). Calculate i(-2).
-8
Let d(w) = -3*w + 2. Let l = 55 - 45. Let n = 13 - l. Give d(n).
-7
Let w(r) be the second derivative of -r**5/20 - 3*r**4/4 - 7*r**3/6 + 8*r**2 - 10*r - 2. Determine w(-8).
8
Let b(o) = 3*o**2 + o - 6*o**2 - 6*o**2. Suppose -5*w = -4*d - 1, -2*w - 3*w = -5. Determine b(d).
-8
Let v(u) be the second derivative of -u**5/10 + u**4/4 - 2*u**3/3 + u**2 - 2*u. Let t = 28 + -26. What is v(t)?
-10
Let o(b) = -15*b**2 + 25*b - 2. Let h(y) = 13*y**2 - 23*y - 1. Let v(a) = 7*h(a) + 6*o(a). Determine v(12).
-7
Let a(z) = z**3 - 684 + 2*z + 679 - 3*z**2 - 2*z**2. Calculate a(5).
5
Suppose 0 = 5*r - 3*z, 5 = -3*r + 4*z - 6. Let w(t) be the second derivative of -t**5/20 + t**4/3 - 2*t**2 + 2*t + 22. What is w(r)?
5
Suppose 0 = -5*k - 42 + 12. Let i(y) = -y**3 - 9*y**2 + 8*y - 2. Let j(z) = z**2. Let n(r) = -i(r) - 4*j(r). Calculate n(k).
14
Let c(i) = 8*i - 6. Let k(l) = -12*l + 9. Let w(h) = 8*c(h) + 5*k(h). Let g be (-20)/(-150) + (-56)/(-30). Give w(g).
5
Let r(g) = -14*g**2 - g. Let j be 16/20 - (-2)/10. Suppose -i + j = 2. Let o = i + 0. What is r(o)?
-13
Let s(b) = 3*b + 8. Suppose -y + 30 = -5*n, -30 = 3*n + 5*y + 16. Give s(n).
-13
Let k(v) be the third derivative of -v**7/5040 + v**6/720 - v**5/60 + v**3 + 29*v**2. Let s(l) be the third derivative of k(l). What is s(-1)?
2
Suppose 3*n = -0*a - 5*a + 9, -a - 3 = -n. Suppose -n*d - 2 = b, 2*b - 6*d - 4 = -4*d. Let x(r) = -b + 2 + r - 2. Determine x(-3).
-4
Let q = 2 + 0. Suppose 9 = -q*d + 21. Let p(s) = 5*s**3 - 3*s**2 + 10*s. Let x(t) = 14*t**3 - 10*t**2 + 29*t - 1. Let r(m) = 11*p(m) - 4*x(m). Calculate r(d).
4
Suppose 3 = 4*w - 5. Let b be (-1)/1 - (0 - w). Let a(c) = b - 2*c + 63*c**2 + c - 70*c**2. What is a(1)?
-7
Suppose -o + 2*o = -2*y - 3, 24 = 4*o - y. Let s(u) = 16 + o*u**2 + 2*u + 19 - 36. Calculate s(1).
6
Let k(v) be the first derivative of -v**4/4 + 7*v**3/3 + 7*v**2/2 + 10*v - 95. Determine k(8).
2
Let t(c) = 2*c**3 - 4*c**2 + 2*c. Let l(q) = -2*q**3 - 2*q**2 + 4*q + 6. Let a be l(-3). Let x = a + -28. What is t(x)?
4
Let y(f) = f**2 + 7*f + 9. Let l(x) = -6 + 4 + 4 + x - 1. Let h(o) = -5*l(o) + y(o). Let a(t) be the first derivative of h(t). Determine a(-4).
-6
Suppose 53 = 4*w - 15. Let p = w - 22. Let u = p - -6. Let g(c) = 3*c**2 - c + 1. Give g(u).
3
Let f = 17 + -15. Suppose 2*b + f*c = 2, -3*b - 2*b - 4*c + 4 = 0. Let h(p) = -6*p + 11. Let n(t) = 7*t - 10. Let y(g) = 6*h(g) + 5*n(g). Determine y(b).
16
Let d(a) = -12*a + 1. Let m = 112 - 121. Let c be (-28)/36 - (-2)/m. Give d(c).
13
Let m(q) = -5*q + 3. Let s(i) = -20*i + 13. Let b(l) = -9*m(l) + 2*s(l). Calculate b(1).
4
Let g(n) = -7*n - 31. Let z(x) = -5*x - 28. Let p(j) = 6*g(j) - 7*z(j). Give p(4).
-18
Let f(c) = c**2 - 12*c. Let i be 1449/133 - (-8)/76*1. Give f(i).
-11
Let j(l) = -4*l - 3. Suppose 3*c + n + 3 = -2, 4*c - 5*n = -32. Let s be (-2)/(-3) + (-7)/c. Suppose 23 = -2*m + s*d, -d - 2 = 3*m + d. Give j(m).
13
Suppose -16*v = -2*v - 70. Let y(d) = -2*d**3 + 2*d**3 + 3*d - 4*d - 6 - v*d**2 - d**3. What is y(-5)?
-1
Suppose -4*x = 5*r + 4, -2*r - 3*x = -r + 3. Suppose 2*k - 32 = 5*y - r*k, -2 = -2*k. Let n(d) = -d**3 - 5*d**2 + 9*d + 7. Determine n(y).
-11
Let g(y) = -12*y + 323. Let f be g(27). Let q(b) = -b**3 - 1. Let n(c) = c - 1. Let u(w) = -n(w) + 2*q(w). Determine u(f).
2
Let c(h) = 4*h**2 - 11*h + 37. Let a(r) = r**2 - 3*r + 9. Let d(j) = -9*a(j) + 2*c(j). Let s be ((-5)/10)/(2/(-28)). Give d(s).
-21
Let t(a) be the second derivative of 0 + 0*a**2 + 2/3*a**4 + 0*a**3 + 20*a + 1/20*a**5. Calculate t(-8).
0
Let a(p) be the third derivative of 4*p**4/3 + p**3/6 - 10*p**2 + p. Determine a(-1).
-31
Let s be 2/(-6) + 14/6. Let v(q) = -q**3 + 17*q**2 + 61*q - 17. Let p be v(20). Let g(m) = 2*m**s - 6*m**2 - 12*m - p + 3*m**2 + 4*m. What is g(-7)?
4
Let u(w) = -2*w**3 - 8*w**2 - 13*w - 11. Let l(a) = -a**3 - 4*a**2 - 7*a - 6. Let x(v) = -11*l(v) + 6*u(v). Give x(-4).
4
Suppose 3*n - 13 = -d, 5*n + 3 - 2 = 4*d. Let h(v) = 3*v**2 - 120*v**3 + 241*v**3 - 4 - 122*v**3. What is h(n)?
-4
Let x(y) = y + 0*y - 4 + 2. Suppose 3*z - s - 37 = 0, 5*s - 6 - 7 = -3*z. Suppose -17*g = -z*g - 6. Calculate x(g).
-1
Let a = 89 + -64. Suppose 12 = -a*d + 21*d. Let f(t) = -5*t - 4 - 2*t**2 + 3*t + 0*t**3 - t**3. Give f(d).
11
Let n(q) = 2*q**2 + 2*q + 2. Let j(o) = 5*o**2 + 4*o + 4. Let z(s) = 3*j(s) - 7*n(s). Let y be -2*(3 - (0 - -2)). Let v be 3 - ((-5)/5)/(-1 - y). Give z(v).
6
Let r = -42 - -53. Let x(f) = -f**3 + 10*f**2 + 11*f - 5. Calculate x(r).
-5
Let k(u) be the second derivative of -2*u**3/3 - 2*u. Let c(g) = -g**2 + 11*g - 26. Let b be (2*2)/(-13 + 14). Let r be c(b). Calculate k(r).
-8
Let q(p) = -4*p**3 - 54 - 2*p**2 + 4*p + 53 - p + 0*p**2 + 3*p**3. Determine q(2).
-11
Let m(a) be the third derivative of -a**5/20 + a**4/6 + a**3/2 - 12*a**2 + 13. What is m(2)?
-1
Suppose 14 - 26 = -6*x. Let p(l) = -6*l - 17*l**x + 8*l**2 + 8*l**2 + 2*l + 2. Determine p(-6).
-10
Let u(c) = c**3 + c**2 - 2*c + 2. Let g(h) = -9*h + 325. Let o be g(36). What is u(o)?
2
Let d(u) be the first derivative of u**4/4 - u**3/3 - 3*u**2/2 - 10*u + 3. Let x be d(3). Let r(b) = 4*b**3 + b + 1. Calculate r(x).
-4
Let f(z) = z**2 + z - 6. Let h = 49 - 46. Suppose 0 = -3*q - 5*k - 15, 0*q - 4*q = k + h. What is f(q)?
-6
Suppose 2*h - 10 - 10 = 0. Suppose -7*f + 12*f = -h. Let n(u) be the second derivative of u**4/6 - 2*u**3/3 - 3*u**2/2 - u. Calculate n(f).
13
Let t = -2653 - -2660. Let v(a) = 6*a + 4. What is v(t)?
46
Suppose 0 = u + 3 - 8, -5*u + 43 = 2*q. Let i = -5 + q. Let s(a) = -a + i*a - 4*a**2 - 2 + 0*a + a**3. What is s(3)?
-2
Let f(u) = -15*u**2 + 2*u - 1. Let i(l) = l**3 - l**2 - 4*l + 3. Let g be i(3). Suppose -4*n = 2*p, -4*p - 4 - g = -5*n. What is f(n)?
-14
Let g(n) = -6*n + 5. Let x(v) = -5*v + 8. Let c(y) = -10*y + 15. Let h(o) = -3*c(o) + 5*x(o). Let m(k) = -4*g(k) - 5*h(k). Determine m(0).
5
Let t(f) = -4690 + 4671 - f + 0*f. Give t(-11).
-8
Suppose 0 = 2*w + 11 - 15. Let n = -3 - -3. Let k(s) = -3*s + 2*s + n - 1 + w*s. Determine k(-5).
-6
Let a(r) = -2*r**2 + 4*r + 3. Let l be a(-2). Let m = l + 18. Let k(f) be the first derivative of -f**4/4 + 4*f**3/3 + 2*f**2 + 7*f - 12. What is k(m)?
2
Suppose 0*q - 5*q = 2*u + 16, 0 = 5*u - 10. Let m(z) = -2*z**2 - 8*z + 4. Let j be m(q). Let y(i) = 2*i - 6. Determine y(j).
2
Let r(q) = -9*q**3 + 12*q**2 + 16*q + 22. Let t(h) = 2*h**3 - h - 1. Let x(z) = r(z) + 4*t(z). Give x(13).
5
Let p = 0 - 13. Let d = 17 + p. Let l(k) = -3 - 2*k + 1 - 3*k - d. Calculate l(-4).
14
Let z = 247 + -240. Let a(s) be the first derivative of 5 - z*s + 1/3*s**3 + 1/2*s**2. Determine a(0).
-7
Suppose 0 = -4*d + 4*g - 24, 0 = 2*d - 0*g + 4*g - 18. Let m be (-3 + (d + 4 - 0))/1. Let z(k) = k**2 + 7. Give z(m).
7
Let z(c) be the third derivative of 1/4*c**4 + 0*c - 7/60*c**5 + 1/120*c**6 + 0 - 1/6*c**3 + 13*c**2. Determine z(6).
-1
Let t = -985 + 991. Let w(o) = -o**2 + 2*o + 23. What is w(t)?
-1
Let o(j) = -3*j - 8. Let c = 54 - 61. Determine o(c).
13
Let y(n) = n**3 - 1. Let r(j) = -10*j - 9. Let v(h) = -h**3 - 4*h**2 + 8*h + 14. Let c be v(-5). Let x be r(c). Calculate y(x).
0
Let c(g) = g**2 - 8. L